ue of 34 - 25 - (1 + 3)?
5
(-68 - -70) + 1 + -1 + 2
4
3 + 3 - (18 + -18)
6
What is the value of -4 - -5 - (-3 + 4)?
0
What is the value of (-4 + 3 - (-6 - -2)) + 0?
3
Evaluate (5 - -4 - 5) + -6.
-2
Evaluate -23 - -16 - (-3 - 0).
-4
1 + (-8 - -5) + -3
-5
Calculate 1 - 0 - (10 + (8 - 24)).
7
What is the value of -5 + (3 - (5 - (-2 - -10)))?
1
(-1 - 6 - -2) + 2 + -1
-4
Evaluate 0 + 3 + 2 + 1 + -6.
0
Evaluate -1 + 2 + -5 + 6 + 0.
2
Evaluate 528 - 529 - (0 - -6 - 1).
-6
What is -19 - (-3 - -9 - 13) - -5?
-7
Calculate -11 + 14 - (1 - (4 + -2)).
4
Calculate -11 + 8 + (-4 - -1).
-6
2 + (0 - 1) + 1
2
Evaluate -5 + -1 + -2 + 4.
-4
0 + (11 - 4) + -7 + 3
3
What is -10 + 10 - (2 + 0)?
-2
Calculate -3 + (1 - 6) - -5 - 0.
-3
Evaluate (13 - (23 + -3)) + 5.
-2
Evaluate 2 + -4 + (1 - (5 - 3)).
-3
Calculate 2 + (3 + -12 - -3).
-4
0 + -4 + (-11 - (-4 + -6))
-5
What is the value of 1 + (-2 - (5 - (12 - 4)))?
2
Evaluate -8 - (-5 + (-3 - 3)).
3
What is -6 + 11 + -2 - (-1 + 4)?
0
What is -6 + -1 + -2 + (35 - 31)?
-5
3 + -1 + 4 - (0 - -4)
2
3 + 1 + (4 - 3)
5
-4 + 2 + -4 + 3 - -1
-2
Calculate (4 - (-1 + 2)) + -1.
2
What is 5 + -2 + -2 + 0?
1
Evaluate 0 - (-5 - -3) - 4.
-2
3 - (1 - (7 + 0 + 0))
9
Calculate -7 + -2 + -9 + 12.
-6
-1 - -6 - (22 + -17) - 2
-2
Evaluate -1 - 2 - (-5 + 4 + 3).
-5
What is the value of 6 - 3 - (2 - 1 - -6)?
-4
What is the value of 2 - (2 - 0 - (2 - 3))?
-1
What is 10 - (-8 + 8) - 3?
7
What is the value of 7 + (2 - 8 - 1)?
0
What is the value of -8 + 0 + -2 + 6?
-4
Evaluate (4 - 3 - 1) + 6 + -3.
3
Calculate -2 - 2 - (-1 - 4).
1
What is the value of -7 + 12 + (-3 - 1)?
1
(-8 + 3 - -3) + 10 + -3
5
Calculate (-1 + 4 + -5 - 2) + 3.
-1
Evaluate (3 - 1) + -3 + -1 + -1.
-3
Evaluate 0 + 0 + 4 + -6 + 1.
-1
What is -4 + (-5 - -4) + 9 + -4?
0
What is the value of 1 + -6 + -1 + (-1 - -2)?
-5
What is the value of 9 - ((-7 - 8) + 30)?
-6
What is -5 - -4 - 3 - (2 + -11)?
5
Evaluate 1 - (4 + -3) - -2.
2
What is the value of (-8 - -1) + 31 + -22 + 4?
6
Evaluate (0 - -6) + 4 + 0 + -8.
2
What is 4 + -14 + 5 + 22 - 8?
9
Evaluate 7 + -15 + 6 + (-3 - -3).
-2
Evaluate 0 - (-3 - -2) - 2.
-1
What is the value of 2 + -2 + -3 + (-2 - -6)?
1
Evaluate -6 + 8 + -1 + 0.
1
Evaluate (8 - 6) + -6 + 10.
6
2 + (-3 + 5 - 3) + -1
0
What is the value of -1 - 5 - (-2 - 0)?
-4
-7 - (0 + -3 + -1)
-3
-2 + -1 + -2 + (57 - 57)
-5
What is the value of (0 - 7) + (-1 - (8 + -7))?
-9
What is 4 + -11 - (3 - 9)?
-1
Calculate (1 - -2) + (-2 - (1 - -1)).
-1
-8 + (1 - 1) + 1
-7
What is the value of 5 - -4 - 2 - (-5 + 8)?
4
Calculate (17 - 5) + -4 - 6.
2
Calculate 14 + (-13 - -6) + (-3 - 13).
-9
-2 + -1 + 3 + 0
0
What is (5 + -1 - -3) + -9?
-2
What is the value of 1 + -5 + 0 + -3 + 6?
-1
Evaluate -5 + (3 - (-5 + 4)).
-1
What is -11 - (2 - (-8 + 13))?
-8
What is the value of (-6 - (-2 + 0)) + (16 - 8)?
4
-7 + 6 + -3 - (1 - -2)
-7
Calculate (-4 - -5) + -2 - (1 - 0).
-2
Calculate (-8 + 1 - -1) + 4.
-2
Calculate (-5 + 1 - -7) + 1.
4
(-4 - (-4 + 0)) + 2
2
What is 86 - 76 - (5 - (-1 - -1))?
5
What is the value of 7 + 7 + -18 - (0 + -9)?
5
Calculate (-10 - -5) + -9 + 11.
-3
What is the value of -2 + (-2 - -4) - (-4 + 7)?
-3
Calculate 2 + (9 - (13 - 3)).
1
What is -8 + (1 - -4) - -1?
-2
Calculate (-11 - -5) + 12 + -3.
3
Calculate -2 - (5 - (5 - 2)).
-4
What is the value of -4 - (2 - 11 - -6)?
-1
Evaluate 1 + 5 - (-52 + 50).
8
Calculate 0 + 3 + -3 - -3.
3
Evaluate (-2 - 5) + 6 - -7.
6
Calculate -20 - -11 - (10 + -10).
-9
2 - (0 + -2 + 6)
-2
Calculate 0 + -4 + -23 + 27.
0
-5 + 1 + (-4 - -3)
-5
Calculate 3 - 7 - 2 - -3.
-3
What is the value of 4 + (3 - (7 + -2))?
2
Evaluate (-2 + -1 - -7) + -1.
3
Calculate -13 - (-4 - (8 - 7)).
-8
Calculate (-1 - 1) + (-7 - (-5 + 0)).
-4
What is the value of 3 + -8 - (-4 - (1 - 2))?
-2
What is -15 + 8 + (6 - 4)?
-5
Evaluate -3 + (-17 - -28 - (3 + 0)).
5
Evaluate -4 + -1 + 4 + 3.
2
What is 20 + -22 + (0 - 6) + 2?
-6
What is the value of -3 + 12 + -3 + -1?
5
Evaluate -2 + (4 - 13 - -3 - -9).
1
What is 1 + 0 - -3 - (15 - 15)?
4
What is the value of 3 + 1 + -1 - (1 - 0)?
2
What is -7 + -11 + (3 - -6)?
-9
Evaluate (0 - 4) + (-10 - -5) + 11.
2
Evaluate -4 + 21 - 4 - 7.
6
What is 4 + 3 + -4 + -1?
2
Calculate 1 + 5 + -2 - 6.
-2
-5 + 2 + -3 + 5
-1
Calculate (-3 - -1) + -1 + (1 - 3).
-5
What is -5 + 0 + -1 + (-5 - -7)?
-4
What is 13 + -3 + -5 - (-1 + 9)?
-3
Calculate 4 + (3 - (-4 + 8)) + -7.
-4
What is 3 + (-8 + 2 - -3)?
0
What is the value of (15 - 15) + (2 - 4)?
-2
Calculate -1 + 0 - (0 + 0 - -1).
-2
Evaluate -2 - 0 - (81 - 84).
1
-5 + 2 + 0 - (11 + -13)
-1
What is 5 + (1 - 7) + (0 - 4)?
-5
Evaluate (-9 - (-1 - -2)) + (-6 - -11).
-5
Calculate -8 + (1 - -1) - (11 + -18).
1
What is -3 - (-1 - (5 + -10) - 12)?
5
-3 + 12 + -5 + -9
-5
Evaluate -4 + (0 - -6) - 0.
2
What is 0 + (0 - 2) - (5 + -2)?
-5
-5 - (-4 + -9 + 3)
5
What is the value of -4 + (10 + -7 - (2 - 1))?
-2
Evaluate 6 + -4 - (-1 - 1).
4
What is 6 + (-15 - -9) - (2 - -6)?
-8
Calculate 1 + (7 - -1 - 4).
5
Calculate -15 + 0 + 8 - -9.
2
0 - (-2 - -1 - (50 - 54))
-3
Evaluate -5 + (12 - 6 - -1).
2
What is the value of -12 + 16 + 2 + -8?
-2
What is (5 - -3) + -3 + -5?
0
Evaluate -17 - -12 - (-1 - (1 - 1)).
-4
What is the value of -6 + 0 + (-4 - -8)?
-2
Calculate 9 - (9 - 2) - 9.
-7
What is the value of -6 - ((6 - 10) + -5)?
3
What is the value of (1 - 9) + 9 + (1 - 6)?
-4
Calculate 0 - 5 - -6 - -4.
5
Evaluate 0 - ((6 - 3) + -9 - -2).
4
-2 - (0 + 3) - -10
5
What is (4 - 0) + (4 - (-3 - -6))?
5
-3 - (1 - 3 - (16 + -19))
-4
What is (-1 - (3 - 1)) + 5 + -4?
-2
6 + -10 + (-3 - -9)
2
What is 0 + -4 + 2 + -1?
-3
Evaluate 1 + (0 - (-1 - -9)).
-7
What is the value of (-10 - -13) + -1 + -9?
-7
Calculate -7 - (-3 + -2 + 3).
-5
Evaluate 3 + (3 - 11) - (7 - 13).
1
-1 + 3 - (12 + -12 - 6)
8
What is the value of 1 + 2 + -2 - (-16 - -13)?
4
Calculate (21 - 30) + (21 - 4).
8
Evaluate -5 + 0 - (-8 + 2) - 0.
1
7 - (-1 + -2 + (-22 - -30))
2
What is 2 + (4 - -2) + -9 + -4?
-5
Evaluate -6 + (-3 - (-9 + 3)) + 2.
-1
Calculate (2 - (-4 - -4)) + -7 + 5.
0
What is 4 - -1 - (-7 + (28 - 14))?
-2
What is 0 + (2 - (3 + -3))?
2
What is 5 - 9 - (0 + -5)?
1
Evaluate -24 + 15 + (2 - (-2 - 0)).
-5
What is the value of (-8 - -11) + (-2 - -3) + -6?
-2
Calculate 4 + -1 - 0 - -1.
4
What is 3 + (-1 - (5 + -4)) + -5?
-4
Evaluate (17 + -17 - (4 - 1)) + 4.
1
What is the value of 8 + (3 - -5 - 9) + -11?
-4
What is 0 - (-8 + 6 - (-5 - 2))?
-5
Calculate (3 - (4 - -7)) + 5 + -1.
-4
What is the value of 2 + (2 - -2) + (-10 - -8)?
4
-3 - (-1 + -3 + 1)
0
-13 - (-5 - 3 - 1)
-4
(14 + -2 - 8) + -11
-7
0 + 0 + 4 + -5
-1
2 + (-3 - -1 - (2 + -3))
1
Evaluate -1 - (-3 + 5 - (2 + -1)).
-2
99 - 102 - (-1 - -1)
-3
What is -10 + 11 - 0 - (4 - 0)?
-3
Calculate (-6 - (2 - 5)) + 3 + -6.
-6
-1 + (-3 - -1) + 4
1
What is 0 + (-1 - 4) - -8?
3
What is -7 - (-5 + 13 - 10 - 12)?
7
5 - (6 - 2) - (0 - -4)
-3
(-10 - (-17 + 3)) + 0
4
-4 + (-6 + 7 - (1 - 3))
-1
Calculate -5 + 5 + 11 - (5 + -1).
7
Calculate 2 - (1 + 6 + -5).
0
What is the value of 4 - -4 - 20 - -6?
-6
-1 - (2 - (4 + -2)) - -2
1
What is -1 + -7 + 2 + 4 - 1?
-3
3 + (4 + -6 - 3 - -6)
4
What is 4 - (1 - -3 - -3)?
-3
What is the value of 2 + (10 - 7) + -6?
-1
Calculate 0 + 2 + 5 + 1 + -3.
5
Calculate -14 + (-3 - 1 - -12).
-6
What is the value of 3 + -7 - (0 + (-3 - 4))?
3
Calculate 3 + (-12 - -4) - (1 - 1).
-5
Calculate (1 - 1) + (6 - (-2 + 6)).
2
1 - 1 - (-57 + 55)
2
13 + (14 - 13) - 8
6
-2 - (4 + -4) - -6
4
What is the value of (-17 - (2 + -9)) + 16?
6
What is (10 + -4 - 14) + 11?
3
-1 + (4 - -3) - 3
3
What is the value of 17 - -1 - (-5 - -16)?
7
Evaluate -5 + -15 + 18 + (0 - -7).
5
What is -2 - -1 - (-8 + 4)?
3
What is -6 + -1 - (-12 + 5 + 6)?
-6
Calculate 2 - 1 - (-19 - -16).
4
What is the value of 1 + -2 + -6 + (21 - 9)?
5
Evaluate 5 + 2 + -2 + -1 + 2.
6
Evaluate 3 + -7 + (4 - 6).
-6
Evaluate -4 + (0 - -5 - (56 + -52)).
-3
-9 - (-7 + 6 - 4)
-4
What is -1 + 8 + (16 - (3 - -28))?
-8
Evaluate 1 + -3 + 1 - (1 + -2).
0
Calculate (10 - 1 - 4) + -1 + -2.
2
Calculate 3 + -3 + 5 + -8.
-3
Calculate 5 + -9 + 11 + 0.
7
What is 10 + (-1 - 8 - 6)?
-5
What is the value of 1 + -1 + 12 + -5?
7
What is the value of -1 + 5 - (-1 + 1)?
4
Evaluate -6 + (-1 - (-6 - -1)).
-2
Evaluate 0 + -20 + 45 + -33.
-8
1 + 10 - (2 + 5)
4
(-3 - (3 + -7)) + -2
-1
What is -2 + 4 +